9*s**2 - 25*s - 9. Determine q(1).
-5
Let h(y) = 2085*y - 129269. Calculate h(62).
1
Let a(l) = -30*l**2 - l + 1. Give a(1).
-30
Let t(j) = -45*j + 1276. Give t(28).
16
Let f(u) = 16*u + 716. Determine f(-52).
-116
Let b(n) = 40*n - 1597. Determine b(40).
3
Let s(a) = -2*a**3 + 56*a**2 - 344*a - 1. What is s(9)?
-19
Let d(o) = -2*o**3 + 23*o**2 + 5*o + 129. Determine d(12).
45
Let u(f) = -10*f - 87. What is u(-10)?
13
Let m(s) = -60*s - 162. Give m(-3).
18
Let c(t) = 12*t**2 - 783*t + 185. What is c(65)?
-10
Let h(y) = y**3 - 27*y**2 - 277*y - 130. Determine h(35).
-25
Let b(j) = -j**3 + 10*j**2 + 36*j - 277. Calculate b(11).
-2
Let a(p) = -13*p - 635. Calculate a(-43).
-76
Let v(w) = w**3 + 7*w**2 - 26*w + 2. Calculate v(-10).
-38
Let f(l) = 7*l + 67. Calculate f(25).
242
Let z(x) = -2*x**3 - 21*x**2 + x - 21. Determine z(-10).
-131
Let s(w) = -794*w + 1550. Give s(2).
-38
Let a(h) = -2*h**2 + 130*h + 152. Determine a(66).
20
Let o(t) = -85*t - 14555. Give o(-172).
65
Let a(l) = 2*l**2 - 415*l + 21237. Determine a(116).
9
Let j(b) = 40*b + 2492. What is j(-60)?
92
Let r(w) = -6*w**2 + 644*w + 1068. Determine r(109).
-22
Let q(t) = -49*t + 310. Calculate q(6).
16
Let l(d) = 53*d**2 + 14*d + 23. Determine l(-2).
207
Let c(r) = 127*r**3 + 2*r**2 + 2*r - 4. What is c(1)?
127
Let z(f) = -f**2 + 87*f + 457. Determine z(-5).
-3
Let w(g) = -10*g - 566. Calculate w(-33).
-236
Let g(o) = -65*o - 249. Give g(-4).
11
Let k(q) = 280*q - 4703. What is k(16)?
-223
Let u(b) = -122*b + 1601. Calculate u(17).
-473
Let l(j) = j**3 - 11*j**2 + 12*j + 6. What is l(10)?
26
Let c(v) = 49*v + 3934. Calculate c(-77).
161
Let n(t) = 22*t + 179. Give n(-14).
-129
Let t(i) = i**3 + 60*i**2 + 63*i + 136. Determine t(-59).
-100
Let l(t) = -t**3 - 13*t**2 + 107*t + 1171. Give l(-8).
-5
Let a(p) = -342*p + 2397. Determine a(7).
3
Let y(z) = 396*z + 3556. Calculate y(-9).
-8
Let u(s) = 191*s**2 + 38*s - 38. Calculate u(1).
191
Let l(n) = 26*n**3 + 62*n**2 + 60*n - 2. Calculate l(-1).
-26
Let o(d) = d**2 - 1883*d - 7. Calculate o(0).
-7
Let d(g) = -7*g**3 + 9*g**2 + 19*g - 19. What is d(1)?
2
Let f(h) = -71*h - 4871. Determine f(-69).
28
Let u(t) = 81*t + 3236. Give u(-40).
-4
Let z(a) = 2*a**3 + 29*a**2 - 181*a + 136. Determine z(4).
4
Let x(s) = 1114*s - 6670. What is x(6)?
14
Let r(z) = 9*z**3 + 6*z**2 + 4*z - 4. Give r(-2).
-60
Let v(b) = b**3 - 21*b**2 + 32*b + 10. Calculate v(19).
-104
Let q(c) = -75*c + 2401. Give q(32).
1
Let s(r) = r**2 - 46*r - 681. What is s(-12)?
15
Let g(j) = j**2 + 43*j + 175. Determine g(-40).
55
Let m(h) = 10*h**2 + 227*h - 936. Give m(4).
132
Let h(m) = -264*m - 66002. Determine h(-250).
-2
Let l(w) = 148*w - 1423. What is l(11)?
205
Let a(g) = 7*g**3 - 9*g**2 - 8*g + 3. Calculate a(-4).
-557
Let t(u) = u**3 + 3*u**2 - 19*u + 5. What is t(-6)?
11
Let k(f) = 278*f + 6376. What is k(-23)?
-18
Let f(w) = -387*w**2 - 3483*w - 19. Give f(-9).
-19
Let m(x) = -x**2 - 17*x + 62. What is m(-17)?
62
Let c(o) = 111*o**2 + 775*o - 7. Determine c(-7).
7
Let a(g) = -g**2 - 58*g - 801. What is a(-35)?
4
Let z(f) = -17*f**2 - 9*f + 41. Calculate z(-4).
-195
Let j(s) = 4*s**3 + 60*s**2 + 2*s + 29. Calculate j(-15).
-1
Let w(l) = l + 227. Determine w(50).
277
Let u(p) = -p**3 - 91*p + 46. Calculate u(0).
46
Let a(g) = -19*g**3 + g**2 - 36*g + 67. Give a(2).
-153
Let h(p) = -p**3 + 33*p**2 + 82*p - 479. Calculate h(35).
-59
Let m(h) = 7*h - 255. Determine m(-22).
-409
Let v(b) = -5*b**3 + 10*b**2 - 53*b + 42. Calculate v(1).
-6
Let t(n) = -n**3 + 36*n**2 - 81*n - 1512. Give t(32).
-8
Let i(z) = z**3 + 7*z + 1. Calculate i(-4).
-91
Let j(m) = -19*m - 91. What is j(-4)?
-15
Let n(a) = -79*a**2 - 15*a + 12. Determine n(1).
-82
Let x(r) = 2*r**2 - 78. Calculate x(0).
-78
Let y(q) = -79*q + 10140. Calculate y(128).
28
Let x(q) = -491*q + 3934. Give x(8).
6
Let d(l) = -13*l + 27. What is d(11)?
-116
Let o(a) = 50*a - 6817. What is o(136)?
-17
Let x(w) = 13*w - 267. What is x(38)?
227
Let k(i) = i**3 - 34*i**2 - 88*i + 613. Calculate k(36).
37
Let s(i) = -13*i**2 + 25*i - 31. What is s(6)?
-349
Let q(i) = -484*i - 10162. Determine q(-21).
2
Let o(i) = -53*i + 535. Give o(3).
376
Let b(d) = d**2 + 1609*d - 11309. Determine b(7).
3
Let d(w) = -156*w**2 - 472*w - 3. Calculate d(-3).
9
Let k(d) = -87*d**2 + d + 1. Give k(1).
-85
Let l(m) = 114*m + 262. Give l(-4).
-194
Let o(i) = 18*i**2 - 25*i + 8. Give o(1).
1
Let v(u) = 3*u**2 - 12*u - 23. Give v(0).
-23
Let t(b) = -48*b**2 - 45*b + 1. Calculate t(-1).
-2
Let v(s) = -12*s - 60. What is v(0)?
-60
Let g(a) = 171*a - 1366. What is g(8)?
2
Let n(u) = -u**3 - 9*u**2 + 14*u - 9. Determine n(-10).
-49
Let c(i) = -101*i + 3508. What is c(34)?
74
Let x(y) = -6*y**2 - 13*y + 69. Calculate x(-5).
-16
Let u(r) = 400*r**2 + 10*r + 27. Calculate u(-1).
417
Let v(b) = -b**2 + 73*b + 133. Calculate v(75).
-17
Let o(u) = 7*u + 508. What is o(12)?
592
Let k(o) = 14*o**2 - 21*o - 17. Calculate k(5).
228
Let w(i) = i**3 + 45*i**2 + 417*i + 30. Determine w(-32).
-2
Let f(y) = -7*y**2 + 27*y + 50. Determine f(5).
10
Let i(o) = o**2 - 18*o + 23. Determine i(9).
-58
Let g(s) = -488*s - 33. Determine g(-1).
455
Let x(a) = 350*a**3 + a**2 + 29*a - 32. Give x(1).
348
Let x(l) = 15*l**2 + 312*l + 8. What is x(-20)?
-232
Let c(o) = -39*o - 662. What is c(-17)?
1
Let b(z) = 10933*z + 65595. Calculate b(-6).
-3
Let n(z) = -z**3 + 12*z**2 - 53*z + 219. Determine n(9).
-15
Let p(s) = -368*s - 2527. Determine p(-7).
49
Let l(c) = 2*c**2 - 60*c + 399. Determine l(20).
-1
Let f(a) = -21*a + 107. What is f(0)?
107
Let y(x) = -x**3 + 14*x**2 - 30*x + 180. What is y(13)?
-41
Let y(j) = 96*j**2 + 586*j + 55. What is y(-6)?
-5
Let k(c) = -335*c - 2531. Calculate k(-7).
-186
Let s(i) = i**2 - 186*i + 1085. What is s(6)?
5
Let w(h) = -h**3 - 30*h**2 + 28*h - 116. Calculate w(-31).
-23
Let b(q) = 5*q**2 + 42*q - 28. What is b(-9)?
-1
Let f(a) = -a**3 + 26*a**2 - 500*a + 11791. What is f(25)?
-84
Let d(g) = g**3 + 36*g**2 + 229*g + 90. Give d(-27).
468
Let u(h) = 1631*h - 11403. What is u(7)?
14
Let k(n) = -5843*n + 128566. Give k(22).
20
Let f(i) = -31*i + 77. Determine f(-6).
263
Let d(n) = -59*n + 2732. What is d(46)?
18
Let z(q) = 9*q**3 + 5*q**2 - 10*q + 24. Calculate z(3).
282
Let c(r) = r**2 + 25*r - 1035. Determine c(-47).
-1
Let v(k) = 157*k**2 + 120*k + 119. What is v(-1)?
156
Let v(s) = -s**3 + 13*s**2 - 11*s - 49. What is v(12)?
-37
Let k(h) = -6022*h - 24072. Calculate k(-4).
16
Let h(f) = -50*f + 256. What is h(5)?
6
Let o(k) = -1374*k + 1360. What is o(1)?
-14
Let h(x) = 154*x + 898. What is h(-6)?
-26
Let l(s) = -5*s**3 - 97*s**2 - 38*s - 6. Give l(-19).
-6
Let v(a) = -64*a - 496. What is v(-8)?
16
Let u(r) = -13*r + 9. What is u(13)?
-160
Let r(y) = -809*y + 4041. Give r(5).
-4
Let o(q) = 3*q + 67. Calculate o(-9).
40
Let g(f) = -78*f + 606. What is g(13)?
-408
Let u(d) = -d**3 - 23*d**2 - 126*d + 34. What is u(-10)?
-6
Let g(d) = d**3 - 17*d**2 - 200*d - 2. Give g(25).
-2
Let x(n) = 7*n**3 - 66*n**2 - 37*n - 19. Give x(10).
11
Let z(r) = -46*r - 685. Give z(-14).
-41
Let f(o) = -846*o + 98135. Calculate f(116).
-1
Let a(p) = -26*p**2 + 1323*p + 147. Determine a(51).
-6
Let b(s) = -89*s + 244. Give b(6).
-290
Let n(s) = s**3 + 15*s**2 + 28*s + 64. What is n(-8)?
288
Let c(h) = -121*h + 5066. Determine c(42).
-16
Let a(k) = -6*k**2 + 55*k - 136. What is a(3)?
-25
Let f(i) = -1508*i + 13520. Determine f(9).
-52
Let g(y) = -y**2 - 338*y - 998. Calculate g(-3).
7
Let v(w) = -w**3 - 33*w**2 - 175*w + 483. Calculate v(-25).
-142
Let l(u) = -488*u + 1899. What is l(4)?
-53
Let j(r) = r**3 + 10*r**2 - 35*r - 325. Determine j(-7).
67
Let l(g) = 6*g**2 - 68*g - 63. Calculate l(15).
267
Let s(k) = -411*k + 4551. Calculate s(11).
30
Let d(o) = -o**3 - 37*o**2 - 11*o - 120. Determine d(-37).
287
Let o(q) = 40*q**2 - 118*q - 4. What is o(3)?
2
Let c(j) = j**3 + 25*j**2 - 53*j + 24. Calculate c(-27).
-3
Let r(b) = 13*b + 394. Calculate r(-28).
30
Let h(z) = 65*z - 4018. Determine h(62).
12
Let d(v) = 5*v**2 + 133*v - 271. What is d(2)?
15
Let t(j) = -30*j + 275. Calculate t(9).
5
Let a(l) = -l**3 + 19*l**2 - 89*l + 21. Determine a(11).
10
Let p(k) = 53*k**3 + 3*k**2 + k - 1. Give p(-1).
-52
Let m(l) = -48*l + 71. Calculate m(11).
-457
Let q(o) = -110*o - 9